(base 12) to base 6.
1
Convert 16 (base 10) to base 9.
17
Convert 10 (base 4) to base 2.
100
What is -100100 (base 2) in base 15?
-26
Convert 30 (base 5) to base 14.
11
Convert 2 (base 9) to base 5.
2
What is 41 (base 8) in base 4?
201
-43 (base 6) to base 3
-1000
Convert 7 (base 14) to base 3.
21
13 (base 6) to base 14
9
What is -16b (base 12) in base 5?
-1402
-63 (base 9) to base 10
-57
1010101 (base 2) to base 6
221
-f (base 16) to base 15
-10
Convert -11 (base 10) to base 6.
-15
114 (base 5) to base 16
22
-34 (base 5) to base 6
-31
Convert 0 (base 8) to base 3.
0
What is e (base 16) in base 14?
10
Convert -3 (base 14) to base 12.
-3
110100 (base 2) to base 11
48
83 (base 13) to base 7
212
What is 102 (base 12) in base 3?
12102
-1 (base 4) to base 16
-1
What is 100 (base 3) in base 6?
13
What is 40 (base 8) in base 2?
100000
What is 10 (base 13) in base 12?
11
6 (base 7) to base 14
6
Convert 0 (base 15) to base 12.
0
265 (base 9) to base 13
140
What is -210 (base 3) in base 10?
-21
2 (base 14) to base 7
2
-403 (base 8) to base 3
-100121
What is 11 (base 2) in base 4?
3
What is -110110 (base 2) in base 16?
-36
Convert 3 (base 6) to base 10.
3
Convert 2 (base 14) to base 5.
2
0 (base 2) to base 3
0
What is 1 (base 16) in base 2?
1
Convert -2 (base 15) to base 8.
-2
Convert -23 (base 6) to base 10.
-15
Convert 5 (base 9) to base 7.
5
Convert -216 (base 10) to base 7.
-426
-4 (base 11) to base 2
-100
What is -1d (base 15) in base 11?
-26
Convert -47 (base 14) to base 10.
-63
Convert 1 (base 6) to base 16.
1
4 (base 15) to base 5
4
Convert 231 (base 4) to base 9.
50
What is 1 (base 6) in base 4?
1
What is 34 (base 5) in base 6?
31
What is -6 (base 12) in base 6?
-10
What is -2 (base 10) in base 16?
-2
123 (base 4) to base 3
1000
Convert 0 (base 5) to base 2.
0
What is 12 (base 12) in base 5?
24
Convert 301 (base 4) to base 6.
121
2 (base 13) to base 6
2
36 (base 15) to base 6
123
Convert -29 (base 13) to base 10.
-35
What is 21 (base 3) in base 5?
12
What is -24 (base 8) in base 7?
-26
141 (base 11) to base 10
166
What is -22 (base 3) in base 15?
-8
-10201 (base 3) to base 5
-400
27 (base 13) to base 6
53
15 (base 13) to base 9
20
-8 (base 10) to base 15
-8
What is -5 (base 8) in base 4?
-11
0 (base 14) to base 11
0
Convert -6 (base 14) to base 2.
-110
What is -25 (base 7) in base 5?
-34
Convert 1010 (base 2) to base 15.
a
What is 0 (base 15) in base 2?
0
What is -22112 (base 3) in base 13?
-149
What is -11 (base 3) in base 10?
-4
What is 6 (base 10) in base 3?
20
Convert 314 (base 8) to base 5.
1304
-20 (base 12) to base 13
-1b
What is 3 (base 14) in base 13?
3
Convert 4 (base 7) to base 11.
4
What is -24 (base 6) in base 8?
-20
What is -1000 (base 3) in base 7?
-36
Convert 152 (base 7) to base 4.
1112
What is -35 (base 10) in base 14?
-27
Convert 5 (base 15) to base 16.
5
What is 51 (base 14) in base 11?
65
Convert -20 (base 7) to base 13.
-11
68 (base 15) to base 10
98
Convert 12 (base 9) to base 10.
11
What is -34 (base 10) in base 8?
-42
1b7 (base 13) to base 9
384
What is 62 (base 7) in base 15?
2e
-2 (base 16) to base 11
-2
Convert 7 (base 9) to base 13.
7
Convert 1 (base 2) to base 4.
1
What is 2 (base 15) in base 5?
2
130 (base 6) to base 14
3c
1 (base 16) to base 9
1
What is 9 (base 11) in base 10?
9
Convert 13 (base 8) to base 2.
1011
What is -1a (base 15) in base 13?
-1c
Convert 8 (base 12) to base 5.
13
2110 (base 3) to base 10
66
What is -124 (base 8) in base 10?
-84
238 (base 10) to base 4
3232
What is -29 (base 16) in base 2?
-101001
What is 8 (base 9) in base 12?
8
-5 (base 14) to base 7
-5
-198 (base 15) to base 3
-111122
-65 (base 10) to base 11
-5a
-16 (base 10) to base 2
-10000
What is 52 (base 14) in base 15?
4c
What is c (base 14) in base 6?
20
Convert -4 (base 14) to base 2.
-100
What is 1 (base 8) in base 2?
1
-27 (base 12) to base 11
-29
1 (base 2) to base 15
1
Convert 1 (base 10) to base 13.
1
Convert 133 (base 12) to base 13.
111
What is 101 (base 2) in base 10?
5
Convert 40 (base 6) to base 15.
19
-134 (base 10) to base 9
-158
Convert 10 (base 7) to base 3.
21
Convert -187 (base 9) to base 7.
-316
Convert 82 (base 9) to base 5.
244
-13 (base 7) to base 11
-a
What is 61 (base 7) in base 15?
2d
What is -6 (base 15) in base 9?
-6
Convert 14 (base 7) to base 6.
15
Convert 10 (base 2) to base 5.
2
Convert 2d (base 14) to base 12.
35
-1a (base 14) to base 16
-18
11 (base 4) to base 8
5
-10100110 (base 2) to base 12
-11a
Convert -2 (base 11) to base 2.
-10
3 (base 12) to base 16
3
0 (base 7) to base 10
0
Convert 121 (base 7) to base 6.
144
Convert 2 (base 5) to base 3.
2
Convert -14 (base 7) to base 15.
-b
20 (base 14) to base 7
40
-25 (base 7) to base 8
-23
Convert -8 (base 15) to base 14.
-8
Convert 110101 (base 2) to base 5.
203
Convert -241 (base 7) to base 8.
-177
-200 (base 8) to base 3
-11202
What is 30 (base 4) in base 11?
11
What is 3 (base 13) in base 8?
3
-3 (base 4) to base 2
-11
Convert 0 (base 6) to base 9.
0
3 (base 10) to base 8
3
-5 (base 11) to base 12
-5
Convert 1 (base 14) to base 16.
1
Convert -224 (base 11) to base 12.
-1a4
Convert -3 (base 9) to base 2.
-11
-10 (base 4) to base 13
-4
0 (base 14) to base 12
0
What is 19 (base 11) in base 2?
10100
Convert 8 (base 12) to base 6.
12
Convert -1001 (base 2) to base 8.
-11
What is -1001000 (base 2) in base 9?
-80
Convert -30 (base 5) to base 11.
-14
Convert -131 (base 5) to base 15.
-2b
-22 (base 3) to base 9
-8
Convert -44 (base 6) to base 2.
-11100
Convert 314 (base 9) to base 8.
400
What is 13 (base 8) in base 12?
b
What is -12 (base 7) in base 13?
-9
Convert 0 (base 8) to base 2.
0
Convert 0 (base 12) to base 7.
0
-332 (base 5) to base 9
-112
What is 332 (base 5) in base 9?
112
-12 (base 4) to base 13
-6
What is 2002 (base 3) in base 6?
132
What is 4a (base 15) in base 13?
55
What is -232 (base 4) in base 6?
-114
What is -12121 (base 3) in base 9?
-177
Convert -22 (base 3) to base 2.
-1000
Convert -58 (base 14) to base 4.
-1032
17 (base 12) to base 6
31
What is 1 (base 2) in base 15?
1
What is -22 (base 6) in base 8?
-16
What is -100 (base 2) in base 6?
-4
Convert 166 (base 8) to base 2.
1110110
Convert -4 (base 10) to base 3.
-11
What is -50 (base 8) in base 10?
-40
Convert 0 (base 15) to base 6.
0
18 (base 11) to base 15
14
47 (base 12) to base 2
110111
What is -60 (base 9) in base 10?
-54
1d (base 15) to base 11
26
Convert 2 (base 16) to base 3.
2
Convert 4 (base 14) to base 4.
10
What is -7 (base 11) in base 2?
-111
Convert -10 (base 3) to base 5.
-3
Convert f (base 16) to base 8.
17
31 (base 13) to base 14
2c
1 (base 8) to base 12
1
What is -112 (base 3) in base 5?
-24
3 (base 16) to base 11
3
Convert -10 (base 8) to base 5.
-13
Convert -21 (base 14) to base 13.
-23
-1a (base 11) to base 4
-111
-25 (base 16) to base 10
-37
0 (base 7) to base 11
0
1001111 (base 2) to base 5
304
36 (base 9) to base 7
45
What is a (base 13) in base 16?
a
Convert -44 (base 7) to base 11.
-2a
Convert -62 (base 7) to base 3.
-1122
What is -2a (base 12) in base 13?
-28
What is 38 (base 10) in base 13?
2c
What is 100 (base 6) in base 12?
30
-92 (base 13) to base 4
-1313
Convert -24 (base 11) to base 16.
-1a
What is -3 (base 13) in base 15?
-3
-10 (base 3) to base 2
-11
Convert 413 (base 5) to base 13.
84
Convert 1 (base 5) to base 7.
1
Convert 60 (base 14) to base 3.
10010
What is -6 (base 9) in base 12?
-6
2 (base 15) to base 11
2
What is -26 (base 10) in base 6?
-42
Convert 47 (base 14) to base 13.
4b
What is -7 (base 16) in base 15?
-7
What is -10010 (base 2) in base 13?
-15
What is -1 (base 5) in base 8?
-1
-1001 (base 3) to base 8
-34
What is -3 (base 15) in base 13?
-3
5 (base 16) to base 3
12
Convert -2 (base 6) to base 11.
-2
What is 2 (base 9) in base 6?
2
Convert -12 (base 9) to base 2.
-1011
0 (base 8) to base 5
0
What is 16 (base 7) in base 4?
31
Convert 9 (base 13) to base 9.
10
What is 7 (base 16) in base 11?
7
Convert 11112 (base 3) to base 16.
7a
-100 (base 3) to base 7
-12
Convert -4 (base 15) to base 5.
-4
Convert 3 (base 13) to base 9.
3
-20010 (base 3) to base 2
-10100101
Convert 63 (base 7) to base 8.
55
What is 100000 (base 2) in base 9?
35
-221 (base 6) to base 4
-1111
Convert 12 (base 5) to base 6.
11
-10 (base 7) to base 6
-11
What is 1 (base 1